{"id":34,"date":"2023-04-05T20:06:21","date_gmt":"2023-04-05T18:06:21","guid":{"rendered":"https:\/\/chalet-orgevaux.ch\/?page_id=34"},"modified":"2023-04-05T20:16:51","modified_gmt":"2023-04-05T18:16:51","slug":"acces","status":"publish","type":"page","link":"https:\/\/chalet-orgevaux.ch\/?page_id=34","title":{"rendered":"Acc\u00e8s"},"content":{"rendered":"\n<p><\/p>\n\n\n\n<p>Il y a deux routes pour arriver au chalet depuis la sortie d\u2019autoroute de Montreux:<\/p>\n\n\n\n<p>&#8211; La premi\u00e8re vous fera passer par Les Avants, c\u2019est la route \u00e0 privil\u00e9gier en \u00e9t\u00e9<\/p>\n\n\n\n<p>&#8211; La seconde vous fera elle passer par le restaurant des Montagnards dans le vallon de Villard, route \u00e0 prendre en hiver si vous vous rendez \u00e0 Orgevaux (l\u2019autre est ferm\u00e9e en principe).<\/p>\n\n\n\n<iframe src=\"https:\/\/www.google.com\/maps\/embed?pb=!1m18!1m12!1m3!1d4002.6272835917716!2d6.9433383370795045!3d46.46815996415796!2m3!1f0!2f0!3f0!3m2!1i1024!2i768!4f13.1!3m3!1m2!1s0x478e8530b95d139f%3A0x76daf968070cfb97!2sRte%20de%20Plan%20de%20Ch%C3%A2tel%2022%2C%201833%20Montreux!5e1!3m2!1sfr!2sch!4v1680717675051!5m2!1sfr!2sch\" width=\"100%\" height=\"600\" style=\"border:0;\" allowfullscreen=\"\" loading=\"lazy\" referrerpolicy=\"no-referrer-when-downgrade\"><\/iframe>\n\n\n\n<p>Pour les d\u00e9tenteurs d\u2019un GPS, il faut entrer Route du Plan de Chatel 22 \u00e0 Montreux.<br><strong><a href=\"https:\/\/goo.gl\/maps\/RTMTsmLFfVY1gXed7\" target=\"_blank\" rel=\"noreferrer noopener\">Ou cliquer ICI<\/a><\/strong><\/p>\n","protected":false},"excerpt":{"rendered":"<p>Il y a deux routes pour arriver au chalet depuis la sortie d\u2019autoroute de Montreux: &#8211; La premi\u00e8re vous fera passer par Les Avants, c\u2019est la route \u00e0 privil\u00e9gier en<\/p>\n<p class=\"more-link\"><a href=\"https:\/\/chalet-orgevaux.ch\/?page_id=34\" class=\"readmore\">Continue reading<svg class=\"icon icon-arrow-right\" aria-hidden=\"true\" role=\"img\"> <use href=\"#icon-arrow-right\" xlink:href=\"#icon-arrow-right\"><\/use> <\/svg><span class=\"screen-reader-text\">Acc\u00e8s<\/span><\/a><\/p>\n","protected":false},"author":1,"featured_media":0,"parent":0,"menu_order":0,"comment_status":"closed","ping_status":"closed","template":"","meta":{"footnotes":""},"class_list":["post-34","page","type-page","status-publish","hentry"],"_links":{"self":[{"href":"https:\/\/chalet-orgevaux.ch\/index.php?rest_route=\/wp\/v2\/pages\/34","targetHints":{"allow":["GET"]}}],"collection":[{"href":"https:\/\/chalet-orgevaux.ch\/index.php?rest_route=\/wp\/v2\/pages"}],"about":[{"href":"https:\/\/chalet-orgevaux.ch\/index.php?rest_route=\/wp\/v2\/types\/page"}],"author":[{"embeddable":true,"href":"https:\/\/chalet-orgevaux.ch\/index.php?rest_route=\/wp\/v2\/users\/1"}],"replies":[{"embeddable":true,"href":"https:\/\/chalet-orgevaux.ch\/index.php?rest_route=%2Fwp%2Fv2%2Fcomments&post=34"}],"version-history":[{"count":5,"href":"https:\/\/chalet-orgevaux.ch\/index.php?rest_route=\/wp\/v2\/pages\/34\/revisions"}],"predecessor-version":[{"id":41,"href":"https:\/\/chalet-orgevaux.ch\/index.php?rest_route=\/wp\/v2\/pages\/34\/revisions\/41"}],"wp:attachment":[{"href":"https:\/\/chalet-orgevaux.ch\/index.php?rest_route=%2Fwp%2Fv2%2Fmedia&parent=34"}],"curies":[{"name":"wp","href":"https:\/\/api.w.org\/{rel}","templated":true}]}}