{"id":19,"date":"2023-04-05T19:03:55","date_gmt":"2023-04-05T17:03:55","guid":{"rendered":"https:\/\/chalet-orgevaux.ch\/?page_id=19"},"modified":"2025-10-31T20:10:30","modified_gmt":"2025-10-31T19:10:30","slug":"comite","status":"publish","type":"page","link":"https:\/\/chalet-orgevaux.ch\/?page_id=19","title":{"rendered":"Comit\u00e9"},"content":{"rendered":"\n<ul class=\"wp-block-list\">\n<li>Le club comprend actuellement (2018) 41 membres et son comit\u00e9 se compose de la fa\u00e7on suivante:<br><\/li>\n<\/ul>\n\n\n\n<p>Pr\u00e9sidente: Janine Morier<br><br>Vice-pr\u00e9sident: Laurent Schwendi <br><br>Secr\u00e9taire: A repourvoir<br><br>Caissier: \u00e0 repourvoir<br><br>Intendant: Laurent Schwendi <br><\/p>\n\n\n\n<hr class=\"wp-block-separator has-alpha-channel-opacity\"\/>\n\n\n\n<ul class=\"wp-block-list\">\n<li>La cotisation annuelle est de CHF 100.-. Toute personne int\u00e9ress\u00e9e est pri\u00e9e de prendre contact avec la personne responsable.&nbsp;<\/li>\n<\/ul>\n\n\n\n<ul class=\"wp-block-list\">\n<li>Le club tient une assembl\u00e9e trimestrielle le premier vendredi du mois.<\/li>\n\n\n\n<li>L\u2019assembl\u00e9e g\u00e9n\u00e9rale annuelle a lieu au mois de d\u00e9cembre. S\u2019en suit un repas pris en commun.<\/li>\n<\/ul>\n\n\n\n<ul class=\"wp-block-list\">\n<li>Assembl\u00e9e 2026 ( \u00e0 d\u00e9finir)<\/li>\n<\/ul>\n","protected":false},"excerpt":{"rendered":"<p>Pr\u00e9sidente: Janine Morier Vice-pr\u00e9sident: Laurent Schwendi Secr\u00e9taire: A repourvoir Caissier: \u00e0 repourvoir Intendant: Laurent Schwendi<\/p>\n","protected":false},"author":1,"featured_media":0,"parent":0,"menu_order":0,"comment_status":"closed","ping_status":"closed","template":"","meta":{"footnotes":""},"class_list":["post-19","page","type-page","status-publish","hentry"],"_links":{"self":[{"href":"https:\/\/chalet-orgevaux.ch\/index.php?rest_route=\/wp\/v2\/pages\/19","targetHints":{"allow":["GET"]}}],"collection":[{"href":"https:\/\/chalet-orgevaux.ch\/index.php?rest_route=\/wp\/v2\/pages"}],"about":[{"href":"https:\/\/chalet-orgevaux.ch\/index.php?rest_route=\/wp\/v2\/types\/page"}],"author":[{"embeddable":true,"href":"https:\/\/chalet-orgevaux.ch\/index.php?rest_route=\/wp\/v2\/users\/1"}],"replies":[{"embeddable":true,"href":"https:\/\/chalet-orgevaux.ch\/index.php?rest_route=%2Fwp%2Fv2%2Fcomments&post=19"}],"version-history":[{"count":5,"href":"https:\/\/chalet-orgevaux.ch\/index.php?rest_route=\/wp\/v2\/pages\/19\/revisions"}],"predecessor-version":[{"id":81,"href":"https:\/\/chalet-orgevaux.ch\/index.php?rest_route=\/wp\/v2\/pages\/19\/revisions\/81"}],"wp:attachment":[{"href":"https:\/\/chalet-orgevaux.ch\/index.php?rest_route=%2Fwp%2Fv2%2Fmedia&parent=19"}],"curies":[{"name":"wp","href":"https:\/\/api.w.org\/{rel}","templated":true}]}}